culate 3 - (1 + -7 - -12).
-3
Calculate 2 + (7 - (-4 + 13)).
0
(0 + 1 - (1 + 3)) + 0
-3
What is -1 + 1 - (18 - 17)?
-1
What is 4 + -3 + -4 - -2?
-1
What is the value of -1 + 5 + (-24 - -20) - 0?
0
What is -4 + 0 - (1 + 2 + -11)?
4
What is the value of 0 + (-3 - (-2 - 2))?
1
(-7 + -6 - 0) + 21
8
Evaluate (-4 - 1) + 9 - -1.
5
What is the value of -1 + (-1 - (-1 - -7 - 7))?
-1
What is the value of (12 - -10) + -10 + -2?
10
4 + 2 + -6 + -8 + 2
-6
What is the value of 5 + -1 + -7 + 4?
1
What is -5 + 0 + 2 - (-10 + 8)?
-1
Calculate 9 - 0 - (-16 + 20) - 4.
1
Calculate -2 + 4 + -7 + 1.
-4
What is the value of 0 - 1 - (30 - 37)?
6
What is the value of (6 - 1) + (7 - 7)?
5
What is the value of 7 - (3 - (3 - 2))?
5
Calculate (45 - 59) + (-1 - -10).
-5
What is the value of 5 + -2 + (-4 - 1 - 2)?
-4
Calculate 20 - 25 - (-10 + 2).
3
3 - 2 - (3 - 5)
3
What is (0 - 2) + (2 + 6 - 9)?
-3
Calculate 2 + 5 + -4 + -4 + 4.
3
What is the value of -16 - -18 - (1 + -6) - 5?
2
5 - (13 - 4 - -2) - -1
-5
Calculate 6 + 4 + -4 + -4.
2
What is the value of (-10 - (5 - 7)) + (0 - -5)?
-3
Evaluate (-4 - -3) + 6 + -5.
0
What is -3 + 2 - (-5 + -2 - -5)?
1
What is 0 - ((3 - (-4 + 2)) + -3)?
-2
What is 1 + 5 + (-11 - -6) + -5?
-4
Evaluate -4 - -6 - (1 + -1) - 2.
0
Calculate 5 + -10 + (-1 - (-5 - -1)).
-2
What is the value of (-2 - 2) + 5 + 0 + 5?
6
What is the value of (9 - 5 - -4) + -3?
5
Evaluate -2 - -15 - (10 - 4).
7
Calculate 93 + -91 - (0 + -2).
4
Calculate 22 + (-36 - -14) + (0 - 11).
-11
What is the value of 2 + (3 - 6) + -2 - 0?
-3
1 + -2 + (-4 - -3) + 2
0
What is the value of (-1 - (0 - -1)) + (-149 - -152)?
1
What is (20 - 17) + (1 - (-2 - -1))?
5
(14 - 23) + 11 - (0 - -6)
-4
Calculate 0 + (3 - (4 + 2)) + -2.
-5
Calculate -1 + (-4 - -6) + -3.
-2
Evaluate (-4 - 4 - -8) + -1.
-1
What is the value of 24 - 3 - 1 - 13?
7
What is (2 - 1) + 2 + -8 + 9?
4
What is (-6 - 0 - -1) + (-1 - -1)?
-5
What is -3 - 1 - (-1 - (-1 + 4))?
0
What is (5 - 5 - -1 - -3) + -14?
-10
Evaluate 1 - (0 - -2 - 1) - -5.
5
-1 + (0 - -3 - -1)
3
(29 - 26) + (0 - -2)
5
What is the value of 8 + -4 - 3 - (7 + -1)?
-5
What is 3 + (5 - (14 + -7))?
1
What is (69 - 80) + (-2 - -5)?
-8
What is the value of -10 + 1 + -6 - -7?
-8
-9 + (-8 - (-7 + -3))
-7
What is (1 - 8 - -20) + -20?
-7
What is the value of -4 + (6 - (4 - (4 - 3)))?
-1
Calculate 1 - -1 - (-5 - (-3 - -1)).
5
What is the value of -1 - (-3 - (2 - (2 - -3)))?
-1
Calculate -1 - (-15 + (7 - -1)).
6
(3 - 7) + (-4 - -7)
-1
1 + -5 - (9 + -20 - -9)
-2
What is (1 - 1) + -6 + (-13 - -24)?
5
(-4 - 4) + (3 - 4)
-9
What is the value of -3 + (0 - -10 - 2)?
5
Calculate 0 + -8 + 88 + -84.
-4
Calculate -4 - ((-4 - (-1 + 0)) + -6).
5
Calculate 19 + -14 - 8 - (-4 - 1).
2
What is the value of 0 - (-4 + 3) - -4?
5
What is (9 - (-5 + 4)) + -6?
4
Evaluate 29 + -15 - 11 - (-2 + -5).
10
What is 4 - (-7 + (16 - 7) + -5)?
7
5 - (-9 - (-9 - 10))
-5
What is the value of -3 + -5 + 1 + 2?
-5
Calculate 9 + -2 + -7 - -4.
4
8 + (11 - 4) - 9
6
What is -5 + (-6 - (5 - (9 + 3)))?
-4
(-9 - -1) + (-4 - -14)
2
-1 + -1 - (-11 + (8 - 3))
4
What is the value of -8 + (6 - -7) + -4?
1
(6 + 5 - 1) + -7
3
What is -3 + (-3 + 4 + -5 - -6)?
-1
What is 3 - (-12 - -8) - (0 - -1)?
6
Calculate 5 + (-3 - (-2 + 3) - 1).
0
-24 + 14 - (-12 - -2)
0
What is the value of -5 - (20 + -10) - -9?
-6
What is the value of -4 + (4 - 3) + 0?
-3
Calculate -3 + -1 + (-18 - -22).
0
2 - (-8 - 0) - 8
2
Calculate -5 - (-13 - -10 - -2).
-4
What is the value of 2 + (1 + 0 - -2)?
5
12 - (-1 + 10) - 6
-3
Calculate 7 + -1 - (12 + -9) - 3.
0
What is the value of 3 + -7 + 13 - (7 - 1)?
3
(9 - 5) + 4 + -2
6
What is the value of 0 - (-3 + (0 - 2 - -8))?
-3
What is (2 - 3) + (-1 - (-7 - -3))?
2
What is the value of -4 + -1 + 3 + (2 - 5)?
-5
What is the value of 6 + -10 + 4 - (-1 - 2)?
3
What is the value of 2 - 1 - (-4 + 5)?
0
-9 + 5 - (2 - 1)
-5
What is the value of 2 - (12 + -3 + 1 - 6)?
-2
What is (-6 - 1) + 6 + (-6 - -5)?
-2
What is -3 + 2 - (-3 - 3)?
5
What is the value of -6 + -7 + 7 + 2?
-4
4 + -7 + (0 - (-3 - -1))
-1
Evaluate (0 - (3 - 3)) + 3 - 5.
-2
What is the value of (-3 - -4) + -3 - -5?
3
Evaluate 67 + -66 + (-7 - -2).
-4
What is the value of 21 + (-10 - 0) - 11?
0
22 + (2 - 9) - 13
2
What is the value of (-1 - (5 - 5)) + -5 + 1?
-5
-2 - -7 - (5 + (-5 - 0))
5
Calculate 3 + -9 + (8 - 8) + -2.
-8
What is -5 - ((-5 - -3) + 11 + -6)?
-8
Calculate 1 + 14 + -7 + -3 - 1.
4
Evaluate 2 - 8 - (72 - 82).
4
What is the value of 7 + -9 + (4 - 2)?
0
What is 0 + -8 - (-15 - -9)?
-2
Evaluate -1 + 0 + (-3 - (-2 + 0)).
-2
What is (2 - 5) + -3 - -3?
-3
What is the value of 4 - (-6 - -1 - 0)?
9
Calculate 0 + 4 + (0 - 6).
-2
-6 + -10 + (0 - -9)
-7
What is the value of 5 + -1 + (1 - (-10 + 7))?
8
2 + -1 + 2 - 6 - -4
1
(-1 + 6 + -3 - 1) + -2
-1
What is 1 + (3 + 1 - (0 - 0))?
5
What is (-19 - (-10 + -8)) + (-1 - 0)?
-2
Calculate 2 - 4 - (25 - 28).
1
What is 3 - 0 - ((-4 - 1) + 3)?
5
What is 6 - (7 - -1 - 1)?
-1
Calculate -5 - ((-2 - 0) + 0).
-3
What is the value of -5 - (0 - (0 - -2))?
-3
12 + 6 + -14 + -4
0
Calculate -1 + 6 + -2 + -3 + 1.
1
Calculate 13 + (-15 - (2 + -11)).
7
Calculate (-10 + 4 - -1) + 9.
4
Calculate -10 + 1 - (14 - 18).
-5
Evaluate 3 - (4 + 4 + -7).
2
What is 0 - 2 - (-5 - (-6 + 7))?
4
Calculate (-1 - 0) + 5 + -5 + 3.
2
What is the value of 6 + (1 - (1 + 1))?
5
Calculate (4 - 2) + -5 - -2.
-1
Evaluate -5 - -4 - -6 - (0 - -4).
1
-2 - -5 - (6 + -5 + -1)
3
What is the value of (-2 - 1 - (16 - 22)) + -6?
-3
2 - 2 - (-3 - 1)
4
Evaluate -7 + 1 - (-33 - -25).
2
-1 - (-2 + (15 - 12))
-2
What is (16 - 2) + (-2 - 16)?
-4
What is (-3 - -1) + (4 - (2 - 0))?
0
Evaluate -2 + 8 + (-6 - (-9 + 6)).
3
What is the value of 2 - -1 - (-16 - -19)?
0
Calculate (-5 - 0) + 2 + 9 + -7.
-1
What is -4 + 6 + (-3 - (-4 + 2))?
1
What is the value of -5 - -12 - (4 - (-3 - -5))?
5
What is 2 - (10 - ((2 - 3) + 4))?
-5
-6 - (-4 + 4 + -3 + 0)
-3
Evaluate 7 + -6 + (8 - 11).
-2
Calculate 2 - (-5 - -4 - 2).
5
Calculate 3 - (-2 + (3 - 7) + 1).
8
What is -10 + (7 + 4 - 8)?
-7
6 + -15 + 3 - (0 - 0)
-6
What is 0 - (-7 - -2 - -2)?
3
Calculate -8 + 18 + -5 - (-3 - -13).
-5
Evaluate 7 + (-1 - 5 - (-8 - -6)).
3
-4 + (7 - 6) + 4
1
What is -3 + 2 + 1 + -2 + -3?
-5
What is the value of 2 - (6 - (13 + -12))?
-3
Calculate 5 + -4 + 5 + -8.
-2
(-8 - -3) + 5 + -4 + 0
-4
Calculate -4 - 1 - (-12 - (-2 - 6)).
-1
What is 5 + (0 - 0) + -1 + -6?
-2
Evaluate 4 + 3 + -6 + 2.
3
What is 0 + -8 + -2 + -3 + 11?
-2
Calculate -10 - -18 - (0 + 6).
2
What is the value of -31 + 30 - (1 - 1)?
-1
What is the value of 1 + (-1 - 3) - 2 - -3?
-2
Calculate 5 - (12 + -6 + 4).
-5
Evaluate 1 + 5 - (1 - (-2 - -1)).
4
-1 + (-1 - 5 - -6)
-1
Calculate 0 - 1 - (-10 + 6 - -6).
-3
What is 5 + 7 + -7 - 11?
-6
Calculate -3 + 6 + (-3 - -2) + 0.
2
Calculate 6 + -6 + -4 + -2 - -6.
0
What is -2 + -8 + 9 - 5?
-6
Calculate (-3 - (1 - 0)) + 0 - -7.
3
Evaluate (6 - 8) + (-1 - (-5 + 3)).
-1
What is the value of -9 + 2 + 4 + 2?
-1
Evaluate -3 - -3 - -2 - 4.
-2
Evaluate 0 + (11 - (9 - 3)) - 6.
-1
What is -3 - (4 + -2 + -5)?
0
Calculate -9 + -2 + (6 - 0).
-5
What is the value of 1 + -7 + 3 + 1 + 4?
2
What is (-23 - -30) + (-5 - -1)?
3
What is (-3 + 3 - 5) + (5 - -7)?
7
Evaluate (11 - 7) + -1 + -1.
2
What is the value of 5 - (-2 + 7) - -2?
2
Evaluate (-17 - -8) + (1 - (-1 + -3)).
-4
What is the value of (-6 - -4) + 4 + 0?
2
Calculate -95 + 107 + (-1 - 2).
9
Calculate -3 + -1 - (8 - 4 - 3).
-5
Calculate 5 + (-10 + (-2 - -5) - -2).
0
Calculate (-1 - -3) + -7 + 8.
3
Calculate -3 + (7 - (9 - 1)).
-4
-2 + 6 - (5 + -2) - -4
5
Calculate -1 + (5 - 1) - 0.
3
0 - 8 - (62 + -73)
3
Evaluate (0 - 4) + (5 - -2 - 7).
-4
Evaluate 1 + -6 + 13 + -4.
4
What is (15 - 5) + (-20 - -3)?
-7
(-7 - (-7 + -1)) + -5
-4
(3 - -10) + (-4 - -5) + -7
7
What is the value of -2 + -2 - (2 + -3)?
-3
What is (8 + -18 - -13) + 0 + 1?
4
What is the value of 4 - (-2 - 5 - -11)?
0
Calculate -12 + 17 + (3 - 19).
-11
What is 6 - (-5 - (-2 + -4))?
5
-2 + 15 + -20 - (-1 + -1)
-5
Evaluate 0 + 0 - 1 - (5 - 9).
3
What is the value of (-19 - -8) + 0 - -6?
-5
Calculate -14 + 5 + 5 + 3 - -9.
8
Calculate (18 - 18) + 4 + (-1 - -1).
4
6 + (-3 - (5 - (7 - 5)))
0
Evaluate -3 + (11 - (5 + 1)).
2
(13 + -5 - -2 - 3) + -1
6
What is (1 - 6 - -4) + 5 + -1?
3
What is the value of 13 +